common divisor of 97674 and 66.
6
What is the highest common factor of 158467 and 19253?
1481
Calculate the highest common divisor of 87 and 528351.
87
What is the highest common divisor of 1691 and 874?
19
Calculate the highest common divisor of 407 and 3421.
11
Calculate the highest common divisor of 144 and 117378.
18
Calculate the highest common divisor of 5809 and 314.
157
What is the highest common divisor of 36 and 619470?
18
Calculate the highest common divisor of 48 and 23682.
6
Calculate the greatest common factor of 62212 and 1854.
206
Calculate the greatest common factor of 29448 and 246.
6
What is the greatest common divisor of 943 and 13800?
23
Calculate the highest common divisor of 1268906 and 94.
94
Calculate the highest common factor of 72774 and 52.
26
Calculate the highest common factor of 6616 and 530107.
827
What is the highest common factor of 192 and 256692?
12
What is the highest common factor of 5216 and 48?
16
Calculate the highest common divisor of 26055 and 4995.
135
Calculate the highest common divisor of 75775 and 77.
7
What is the highest common divisor of 43665 and 30885?
1065
Calculate the greatest common factor of 1050 and 80650.
50
What is the greatest common divisor of 12 and 157448?
4
Calculate the highest common divisor of 1210 and 36058.
242
Calculate the highest common divisor of 15 and 157479.
3
Calculate the highest common factor of 22 and 1526338.
22
What is the greatest common divisor of 1144 and 12692108?
572
Calculate the highest common divisor of 116 and 493348.
116
What is the highest common divisor of 301323 and 1771?
253
What is the highest common factor of 5236 and 3689?
119
What is the highest common divisor of 14331 and 4437?
51
What is the highest common divisor of 69 and 507?
3
Calculate the greatest common factor of 15 and 279285.
15
What is the greatest common divisor of 1255 and 2761?
251
Calculate the highest common factor of 644 and 197547.
161
What is the highest common factor of 275 and 35?
5
What is the highest common divisor of 472987 and 2361?
787
Calculate the greatest common divisor of 4737184 and 1184.
1184
What is the greatest common factor of 1833622 and 112?
14
Calculate the highest common divisor of 55895 and 105.
35
Calculate the greatest common divisor of 4155316 and 44.
44
What is the highest common divisor of 109582 and 136?
34
What is the highest common factor of 43559 and 16727?
43
Calculate the highest common factor of 565 and 439570.
565
What is the highest common divisor of 36869 and 23?
23
Calculate the greatest common factor of 9193 and 273254.
317
Calculate the greatest common divisor of 904945 and 237.
79
What is the greatest common factor of 14 and 217490?
14
What is the highest common factor of 29440 and 68608?
256
What is the highest common divisor of 1426 and 10292?
62
What is the greatest common factor of 60 and 90996?
12
What is the greatest common factor of 108 and 588?
12
Calculate the greatest common divisor of 15125 and 200.
25
What is the greatest common divisor of 260 and 325585?
65
What is the greatest common factor of 912 and 60432?
48
What is the highest common divisor of 10089 and 99?
9
Calculate the greatest common factor of 93 and 9641.
31
Calculate the greatest common divisor of 55007 and 134.
67
Calculate the greatest common divisor of 768 and 15104.
256
Calculate the highest common divisor of 12 and 19131.
3
What is the highest common divisor of 435 and 7440?
15
What is the highest common divisor of 2058 and 813596?
686
What is the highest common factor of 1032 and 22016?
344
Calculate the greatest common factor of 20246 and 39538.
106
What is the greatest common divisor of 272 and 7514?
34
Calculate the highest common divisor of 117 and 257139.
9
Calculate the highest common divisor of 4179 and 2751.
21
Calculate the highest common divisor of 32 and 450976.
32
What is the greatest common divisor of 10350 and 86825?
575
What is the highest common divisor of 2301 and 426036?
39
What is the greatest common factor of 1017 and 27?
9
Calculate the highest common divisor of 1284 and 1908.
12
What is the greatest common factor of 523480 and 345?
115
Calculate the highest common factor of 7440 and 10320.
240
What is the greatest common factor of 175 and 34293?
7
What is the greatest common factor of 1124 and 27819?
281
What is the greatest common divisor of 17818 and 38656?
302
Calculate the greatest common divisor of 279 and 204507.
279
Calculate the greatest common factor of 737 and 105127.
11
What is the greatest common divisor of 46190 and 520?
10
What is the greatest common divisor of 5962 and 770?
22
What is the greatest common factor of 658648 and 493?
493
What is the greatest common factor of 68 and 82212?
68
What is the highest common factor of 3 and 346059?
3
Calculate the highest common factor of 47946 and 4978.
262
What is the highest common divisor of 111611 and 2?
1
What is the highest common divisor of 540 and 228780?
180
Calculate the highest common factor of 516 and 27133.
43
What is the greatest common factor of 285 and 169005?
285
Calculate the highest common divisor of 19940 and 5.
5
What is the greatest common factor of 19240 and 1665?
185
Calculate the greatest common factor of 348 and 3981.
3
What is the highest common factor of 318 and 10821?
3
What is the greatest common factor of 3901808 and 112?
16
What is the greatest common factor of 87594 and 234?
78
Calculate the greatest common divisor of 2996918 and 978.
326
What is the highest common factor of 98880 and 1984?
64
Calculate the highest common divisor of 117 and 391521.
39
What is the highest common factor of 473 and 13?
1
Calculate the greatest common divisor of 1860 and 195.
15
What is the greatest common divisor of 119138 and 142?
142
What is the greatest common divisor of 16 and 129888?
16
Calculate the highest common divisor of 55018 and 6.
2
Calculate the highest common divisor of 2694 and 12.
6
What is the greatest common divisor of 1406 and 11077?
19
Calculate the highest common factor of 8545255 and 2165.
2165
Calculate the greatest common divisor of 168 and 29694.
42
Calculate the highest common factor of 1038210 and 30.
30
Calculate the highest common divisor of 4635 and 90.
45
Calculate the greatest common divisor of 473115 and 15.
15
What is the highest common divisor of 4771968 and 6880?
1376
Calculate the greatest common factor of 209 and 16247.
11
What is the greatest common factor of 124 and 64511?
31
Calculate the greatest common factor of 55 and 4344395.
55
What is the greatest common factor of 48 and 193464?
24
What is the highest common factor of 37260 and 600?
60
What is the highest common divisor of 170 and 50580?
10
Calculate the highest common factor of 248 and 3726324.
124
What is the highest common factor of 9100 and 247?
13
Calculate the greatest common factor of 588 and 36603.
147
Calculate the greatest common divisor of 3 and 23631.
3
What is the greatest common divisor of 35552 and 505?
101
What is the highest common factor of 8168 and 5490938?
2042
What is the greatest common factor of 8115 and 420?
15
Calculate the greatest common divisor of 182 and 32074.
14
Calculate the greatest common factor of 24756 and 36.
12
Calculate the highest common divisor of 18326 and 18445.
119
Calculate the highest common divisor of 20960 and 2104.
8
What is the greatest common divisor of 36 and 13806?
18
Calculate the highest common factor of 3544 and 216.
8
Calculate the highest common divisor of 1919384 and 395.
79
What is the greatest common factor of 30336 and 4898?
158
What is the greatest common factor of 13916 and 67876?
284
What is the highest common divisor of 128 and 39464?
8
Calculate the greatest common divisor of 96 and 184672.
32
Calculate the greatest common divisor of 3080 and 22715.
385
What is the highest common divisor of 14570 and 10?
10
Calculate the highest common factor of 152888 and 232.
232
What is the highest common divisor of 1568 and 404320?
224
What is the highest common factor of 216 and 332?
4
Calculate the highest common divisor of 6308 and 532.
76
Calculate the highest common factor of 1754605 and 515.
515
Calculate the greatest common divisor of 42 and 211638.
42
Calculate the highest common divisor of 50680 and 